{"id":8037,"date":"2024-06-25T13:42:16","date_gmt":"2024-06-25T19:42:16","guid":{"rendered":"https:\/\/cedhchiapas.org\/cedh\/?page_id=8037"},"modified":"2024-06-25T15:08:50","modified_gmt":"2024-06-25T21:08:50","slug":"comite-de-etica-denuncia","status":"publish","type":"page","link":"https:\/\/cedhchiapas.org\/cedh\/comite-de-etica-denuncia\/","title":{"rendered":"<!--Comit\u00e9 de \u00e9tica denuncia-->"},"content":{"rendered":"\t\t<div data-elementor-type=\"wp-page\" data-elementor-id=\"8037\" class=\"elementor elementor-8037\">\n\t\t\t\t\t\t\t\t\t<section class=\"elementor-section elementor-top-section elementor-element elementor-element-401cc818 elementor-section-boxed elementor-section-height-default elementor-section-height-default wpr-particle-no wpr-sticky-section-no\" data-id=\"401cc818\" data-element_type=\"section\">\n\t\t\t\t\t\t<div class=\"elementor-container elementor-column-gap-default\">\n\t\t\t\t\t<div class=\"elementor-column elementor-col-33 elementor-top-column elementor-element elementor-element-77f85374\" data-id=\"77f85374\" data-element_type=\"column\">\n\t\t\t<div class=\"elementor-widget-wrap elementor-element-populated\">\n\t\t\t\t\t\t\t\t<div class=\"elementor-element elementor-element-69d96905 elementor-widget elementor-widget-sidebar\" data-id=\"69d96905\" data-element_type=\"widget\" data-widget_type=\"sidebar.default\">\n\t\t\t\t<div class=\"elementor-widget-container\">\n\t\t\t<div id=\"nav_menu-4\" class=\"widget widget_nav_menu\"><h4 class=\"widget-title\">Comit\u00e9 de \u00e9tica<\/h4><div class=\"menu-comite-de-etica-container\"><ul id=\"menu-comite-de-etica\" class=\"menu\"><li id=\"menu-item-8045\" class=\"menu-item menu-item-type-post_type menu-item-object-page menu-item-8045\"><a href=\"https:\/\/cedhchiapas.org\/cedh\/comite-de-etica-que-es\/\">\u00bfQu\u00e9 es?<\/a><\/li>\n<li id=\"menu-item-8047\" class=\"menu-item menu-item-type-post_type menu-item-object-page menu-item-8047\"><a href=\"https:\/\/cedhchiapas.org\/cedh\/comite-de-etica-normatividad\/\">Normatividad<\/a><\/li>\n<li id=\"menu-item-6162\" class=\"menu-item menu-item-type-custom menu-item-object-custom menu-item-6162\"><a target=\"_blank\" rel=\"noopener\" href=\"https:\/\/cedhchiapas.org\/cedh\/wp-content\/uploads\/2024\/04\/Programa-de-Trabajo-2024.pdf\">Programa de Trabajo<\/a><\/li>\n<li id=\"menu-item-8048\" class=\"menu-item menu-item-type-post_type menu-item-object-page menu-item-8048\"><a href=\"https:\/\/cedhchiapas.org\/cedh\/comite-de-etica-sesiones\/\">Sesiones<\/a><\/li>\n<li id=\"menu-item-6149\" class=\"menu-item menu-item-type-custom menu-item-object-custom menu-item-6149\"><a target=\"_blank\" rel=\"noopener\" href=\"https:\/\/cedhchiapas.org\/cedh\/wp-content\/uploads\/2023\/03\/PRONUNCIAMIENTO-DE-MEJORA-01_2023-1.pdf\">Pronunciamiento<\/a><\/li>\n<li id=\"menu-item-8049\" class=\"menu-item menu-item-type-post_type menu-item-object-page menu-item-8049\"><a href=\"https:\/\/cedhchiapas.org\/cedh\/comite-de-etica-denuncia\/\">Denuncia<\/a><\/li>\n<li id=\"menu-item-9127\" class=\"menu-item menu-item-type-post_type menu-item-object-page menu-item-9127\"><a href=\"https:\/\/cedhchiapas.org\/cedh\/comite-de-etica-proceso-de-renovacion\/\">Proceso de renovacion<\/a><\/li>\n<\/ul><\/div><\/div>\t\t<\/div>\n\t\t\t\t<\/div>\n\t\t\t\t\t<\/div>\n\t\t<\/div>\n\t\t\t\t<div class=\"elementor-column elementor-col-66 elementor-top-column elementor-element elementor-element-1c7c2de7\" data-id=\"1c7c2de7\" data-element_type=\"column\">\n\t\t\t<div class=\"elementor-widget-wrap elementor-element-populated\">\n\t\t\t\t\t\t\t\t<div class=\"elementor-element elementor-element-620a53c2 elementor-widget elementor-widget-heading\" data-id=\"620a53c2\" data-element_type=\"widget\" data-widget_type=\"heading.default\">\n\t\t\t\t<div class=\"elementor-widget-container\">\n\t\t\t<h1 class=\"elementor-heading-title elementor-size-default\">Comit\u00e9 de \u00c9tica<\/h1>\t\t<\/div>\n\t\t\t\t<\/div>\n\t\t\t\t<div class=\"elementor-element elementor-element-10657bd4 elementor-widget-divider--view-line_icon elementor-view-default elementor-widget-divider--element-align-center elementor-widget elementor-widget-divider\" data-id=\"10657bd4\" data-element_type=\"widget\" data-widget_type=\"divider.default\">\n\t\t\t\t<div class=\"elementor-widget-container\">\n\t\t\t\t\t<div class=\"elementor-divider\">\n\t\t\t<span class=\"elementor-divider-separator\">\n\t\t\t\t\t\t\t<div class=\"elementor-icon elementor-divider__element\">\n\t\t\t\t\t<i aria-hidden=\"true\" class=\"fas fa-square-full\"><\/i><\/div>\n\t\t\t\t\t\t<\/span>\n\t\t<\/div>\n\t\t\t\t<\/div>\n\t\t\t\t<\/div>\n\t\t\t\t<div class=\"elementor-element elementor-element-4616506a elementor-widget elementor-widget-heading\" data-id=\"4616506a\" data-element_type=\"widget\" data-widget_type=\"heading.default\">\n\t\t\t\t<div class=\"elementor-widget-container\">\n\t\t\t<h2 class=\"elementor-heading-title elementor-size-default\">Denuncia<\/h2>\t\t<\/div>\n\t\t\t\t<\/div>\n\t\t\t\t<div class=\"elementor-element elementor-element-27dc401b elementor-widget elementor-widget-text-editor\" data-id=\"27dc401b\" data-element_type=\"widget\" data-widget_type=\"text-editor.default\">\n\t\t\t\t<div class=\"elementor-widget-container\">\n\t\t\t\t\t\t\t<p>Ante cualquier denuncia o queja por incumplimiento a C\u00f3digo de \u00e9tica y Reglas de Integridad a petici\u00f3n de la parte por hechos propios; como denuncia por hechos contra terceros, o bien de oficio; se pone a disposici\u00f3n el siguiente correo electr\u00f3nico:\u00a0<strong><a href=\"mailto:comite.etica@cedhchiapas.org\" target=\"_blank\" rel=\"noopener\">comite.etica@cedhchiapas.org<\/a><\/strong>\u00a0o el llenado del siguiente formulario con los siguientes datos:<\/p>\t\t\t\t\t\t<\/div>\n\t\t\t\t<\/div>\n\t\t\t\t<div class=\"elementor-element elementor-element-82b3393 elementor-widget elementor-widget-shortcode\" data-id=\"82b3393\" data-element_type=\"widget\" data-widget_type=\"shortcode.default\">\n\t\t\t\t<div class=\"elementor-widget-container\">\n\t\t\t\t\t<div class=\"elementor-shortcode\"><div class=\"wpforms-container wpforms-container-full\" id=\"wpforms-7747\"><form id=\"wpforms-form-7747\" class=\"wpforms-validate wpforms-form wpforms-ajax-form\" data-formid=\"7747\" method=\"post\" enctype=\"multipart\/form-data\" action=\"\/cedh\/wp-json\/wp\/v2\/pages\/8037\" data-token=\"2a6a8d15850d4d892f14d4cbad510ccc\" data-token-time=\"1778003143\"><noscript class=\"wpforms-error-noscript\">Por favor, activa JavaScript en tu navegador para completar este formulario.<\/noscript><div class=\"wpforms-field-container\"><div id=\"wpforms-7747-field_1-container\" class=\"wpforms-field wpforms-field-text\" data-field-id=\"1\"><label class=\"wpforms-field-label\" for=\"wpforms-7747-field_1\">Nombre Completo (Opcional)<\/label><input type=\"text\" id=\"wpforms-7747-field_1\" class=\"wpforms-field-large\" name=\"wpforms[fields][1]\" ><\/div><div id=\"wpforms-7747-field_3-container\" class=\"wpforms-field wpforms-field-text\" data-field-id=\"3\"><label class=\"wpforms-field-label\" for=\"wpforms-7747-field_3\">Tel\u00e9fono <span class=\"wpforms-required-label\">*<\/span><\/label><input type=\"text\" id=\"wpforms-7747-field_3\" class=\"wpforms-field-large wpforms-field-required\" name=\"wpforms[fields][3]\" required><\/div><div id=\"wpforms-7747-field_4-container\" class=\"wpforms-field wpforms-field-email\" data-field-id=\"4\"><label class=\"wpforms-field-label\" for=\"wpforms-7747-field_4\">Correo electr\u00f3nico <span class=\"wpforms-required-label\">*<\/span><\/label><input type=\"email\" id=\"wpforms-7747-field_4\" class=\"wpforms-field-large wpforms-field-required\" name=\"wpforms[fields][4]\" spellcheck=\"false\" required><\/div><div id=\"wpforms-7747-field_5-container\" class=\"wpforms-field wpforms-field-text\" data-field-id=\"5\"><label class=\"wpforms-field-label\" for=\"wpforms-7747-field_5\">Puesto o cargo que desempe\u00f1a <\/label><input type=\"text\" id=\"wpforms-7747-field_5\" class=\"wpforms-field-large\" name=\"wpforms[fields][5]\" ><\/div><div id=\"wpforms-7747-field_6-container\" class=\"wpforms-field wpforms-field-text\" data-field-id=\"6\"><label class=\"wpforms-field-label\" for=\"wpforms-7747-field_6\">Nombre del jefe inmediato<\/label><input type=\"text\" id=\"wpforms-7747-field_6\" class=\"wpforms-field-large\" name=\"wpforms[fields][6]\" ><\/div><div id=\"wpforms-7747-field_8-container\" class=\"wpforms-field wpforms-field-text\" data-field-id=\"8\"><label class=\"wpforms-field-label\" for=\"wpforms-7747-field_8\">Fecha en la que ocurrieron los hechos <span class=\"wpforms-required-label\">*<\/span><\/label><input type=\"text\" id=\"wpforms-7747-field_8\" class=\"wpforms-field-large wpforms-field-required\" name=\"wpforms[fields][8]\" required><\/div><div id=\"wpforms-7747-field_9-container\" class=\"wpforms-field wpforms-field-text\" data-field-id=\"9\"><label class=\"wpforms-field-label\" for=\"wpforms-7747-field_9\"> Lugar donde ocurrieron los hechos <span class=\"wpforms-required-label\">*<\/span><\/label><input type=\"text\" id=\"wpforms-7747-field_9\" class=\"wpforms-field-large wpforms-field-required\" name=\"wpforms[fields][9]\" required><\/div><div id=\"wpforms-7747-field_7-container\" class=\"wpforms-field wpforms-field-textarea\" data-field-id=\"7\"><label class=\"wpforms-field-label\" for=\"wpforms-7747-field_7\">Descripci\u00f3n <span class=\"wpforms-required-label\">*<\/span><\/label><textarea id=\"wpforms-7747-field_7\" class=\"wpforms-field-large wpforms-field-required\" name=\"wpforms[fields][7]\" required><\/textarea><\/div><div id=\"wpforms-7747-field_10-container\" class=\"wpforms-field wpforms-field-checkbox\" data-field-id=\"10\"><label class=\"wpforms-field-label\" for=\"wpforms-7747-field_10\">\u00bfExisten testigos? <span class=\"wpforms-required-label\">*<\/span><\/label><ul id=\"wpforms-7747-field_10\" class=\"wpforms-field-required\"><li class=\"choice-1 depth-1\"><input type=\"checkbox\" id=\"wpforms-7747-field_10_1\" name=\"wpforms[fields][10][]\" value=\"S\u00ed\" required ><label class=\"wpforms-field-label-inline\" for=\"wpforms-7747-field_10_1\">S\u00ed<\/label><\/li><li class=\"choice-2 depth-1\"><input type=\"checkbox\" id=\"wpforms-7747-field_10_2\" name=\"wpforms[fields][10][]\" value=\"No\" required ><label class=\"wpforms-field-label-inline\" for=\"wpforms-7747-field_10_2\">No<\/label><\/li><\/ul><\/div><div id=\"wpforms-7747-field_12-container\" class=\"wpforms-field wpforms-field-checkbox\" data-field-id=\"12\"><label class=\"wpforms-field-label\" for=\"wpforms-7747-field_12\">En caso de respuesta afirmativa. \u00bfEl testigo es Servidor P\u00fablico? <span class=\"wpforms-required-label\">*<\/span><\/label><ul id=\"wpforms-7747-field_12\" class=\"wpforms-field-required\"><li class=\"choice-1 depth-1\"><input type=\"checkbox\" id=\"wpforms-7747-field_12_1\" name=\"wpforms[fields][12][]\" value=\"S\u00ed\" required ><label class=\"wpforms-field-label-inline\" for=\"wpforms-7747-field_12_1\">S\u00ed<\/label><\/li><li class=\"choice-2 depth-1\"><input type=\"checkbox\" id=\"wpforms-7747-field_12_2\" name=\"wpforms[fields][12][]\" value=\"No\" required ><label class=\"wpforms-field-label-inline\" for=\"wpforms-7747-field_12_2\">No<\/label><\/li><\/ul><\/div><div id=\"wpforms-7747-field_11-container\" class=\"wpforms-field wpforms-field-text\" data-field-id=\"11\"><label class=\"wpforms-field-label\" for=\"wpforms-7747-field_11\">Nombre completo<\/label><input type=\"text\" id=\"wpforms-7747-field_11\" class=\"wpforms-field-large\" name=\"wpforms[fields][11]\" ><\/div><div id=\"wpforms-7747-field_13-container\" class=\"wpforms-field wpforms-field-text\" data-field-id=\"13\"><label class=\"wpforms-field-label\" for=\"wpforms-7747-field_13\">Puesto o cargo que desempe\u00f1a<\/label><input type=\"text\" id=\"wpforms-7747-field_13\" class=\"wpforms-field-large\" name=\"wpforms[fields][13]\" ><\/div><div id=\"wpforms-7747-field_14-container\" class=\"wpforms-field wpforms-field-textarea\" data-field-id=\"14\"><label class=\"wpforms-field-label\" for=\"wpforms-7747-field_14\">\u00bfCuenta con elementos que pudieran fortalecer los hechos antes narrados?<\/label><textarea id=\"wpforms-7747-field_14\" class=\"wpforms-field-medium\" name=\"wpforms[fields][14]\" ><\/textarea><div class=\"wpforms-field-description\">Mencione cuales Ejemplo: (testigos, fotograf\u00edas, videos, audios,\r\nhistorial de llamadas, notas en papel, invitaciones, correos\r\nelectr\u00f3nicos, mensajes, actividad en redes sociales u otros).\r\n<\/div><\/div><div id=\"wpforms-7747-field_17-container\" class=\"wpforms-field wpforms-field-checkbox\" data-field-id=\"17\"><label class=\"wpforms-field-label\" for=\"wpforms-7747-field_17\">En caso de que la persona presunta agresora sea servidor\/a p\u00fablico\/a de este centro laboral: \u00bfConsidera que su integridad f\u00edsica o emocional se encuentre en riesgo? <span class=\"wpforms-required-label\">*<\/span><\/label><ul id=\"wpforms-7747-field_17\" class=\"wpforms-field-required\"><li class=\"choice-1 depth-1\"><input type=\"checkbox\" id=\"wpforms-7747-field_17_1\" name=\"wpforms[fields][17][]\" value=\"S\u00ed\" required ><label class=\"wpforms-field-label-inline\" for=\"wpforms-7747-field_17_1\">S\u00ed<\/label><\/li><li class=\"choice-2 depth-1\"><input type=\"checkbox\" id=\"wpforms-7747-field_17_2\" name=\"wpforms[fields][17][]\" value=\"No\" required ><label class=\"wpforms-field-label-inline\" for=\"wpforms-7747-field_17_2\">No<\/label><\/li><\/ul><\/div><div id=\"wpforms-7747-field_15-container\" class=\"wpforms-field wpforms-field-textarea\" data-field-id=\"15\"><label class=\"wpforms-field-label\" for=\"wpforms-7747-field_15\">En caso de respuesta positiva describa en qu\u00e9 consisten esos riesgos<\/label><textarea id=\"wpforms-7747-field_15\" class=\"wpforms-field-medium\" name=\"wpforms[fields][15]\" ><\/textarea><\/div><\/div><!-- .wpforms-field-container --><div class=\"wpforms-submit-container\" ><input type=\"hidden\" name=\"wpforms[id]\" value=\"7747\"><input type=\"hidden\" name=\"page_title\" value=\"\"><input type=\"hidden\" name=\"page_url\" value=\"https:\/\/cedhchiapas.org\/cedh\/wp-json\/wp\/v2\/pages\/8037\"><button type=\"submit\" name=\"wpforms[submit]\" id=\"wpforms-submit-7747\" class=\"wpforms-submit\" data-alt-text=\"Enviando...\" data-submit-text=\"Enviar\" aria-live=\"assertive\" value=\"wpforms-submit\">Enviar<\/button><img loading=\"lazy\" decoding=\"async\" src=\"https:\/\/cedhchiapas.org\/cedh\/wp-content\/plugins\/wpforms-lite\/assets\/images\/submit-spin.svg\" class=\"wpforms-submit-spinner\" style=\"display: none;\" width=\"26\" height=\"26\" alt=\"Cargando\"><\/div><\/form><\/div>  <!-- .wpforms-container --><\/div>\n\t\t\t\t<\/div>\n\t\t\t\t<\/div>\n\t\t\t\t<div class=\"elementor-element elementor-element-21e2c18 elementor-widget elementor-widget-text-editor\" data-id=\"21e2c18\" data-element_type=\"widget\" data-widget_type=\"text-editor.default\">\n\t\t\t\t<div class=\"elementor-widget-container\">\n\t\t\t\t\t\t\t<p><strong>NOTA: LA SECRETARIA EJECUTIVA DEL COMITE DE ETICA CONTACTARA CON USTED Y EN CASO DE SER NECESARIO SE SOLICITARA MAYOR INFORMACI\u00d3N.<\/strong><\/p>\t\t\t\t\t\t<\/div>\n\t\t\t\t<\/div>\n\t\t\t\t\t<\/div>\n\t\t<\/div>\n\t\t\t\t\t\t\t<\/div>\n\t\t<\/section>\n\t\t\t\t\t\t\t<\/div>\n\t\t","protected":false},"excerpt":{"rendered":"<p>Comit\u00e9 de \u00c9tica Denuncia Ante cualquier denuncia o queja por incumplimiento a C\u00f3digo de \u00e9tica y Reglas de Integridad a petici\u00f3n de la parte por hechos propios; como denuncia por<\/p>\n","protected":false},"author":2,"featured_media":0,"parent":0,"menu_order":0,"comment_status":"closed","ping_status":"closed","template":"","meta":{"footnotes":""},"jetpack_sharing_enabled":true,"_links":{"self":[{"href":"https:\/\/cedhchiapas.org\/cedh\/wp-json\/wp\/v2\/pages\/8037"}],"collection":[{"href":"https:\/\/cedhchiapas.org\/cedh\/wp-json\/wp\/v2\/pages"}],"about":[{"href":"https:\/\/cedhchiapas.org\/cedh\/wp-json\/wp\/v2\/types\/page"}],"author":[{"embeddable":true,"href":"https:\/\/cedhchiapas.org\/cedh\/wp-json\/wp\/v2\/users\/2"}],"replies":[{"embeddable":true,"href":"https:\/\/cedhchiapas.org\/cedh\/wp-json\/wp\/v2\/comments?post=8037"}],"version-history":[{"count":4,"href":"https:\/\/cedhchiapas.org\/cedh\/wp-json\/wp\/v2\/pages\/8037\/revisions"}],"predecessor-version":[{"id":8043,"href":"https:\/\/cedhchiapas.org\/cedh\/wp-json\/wp\/v2\/pages\/8037\/revisions\/8043"}],"wp:attachment":[{"href":"https:\/\/cedhchiapas.org\/cedh\/wp-json\/wp\/v2\/media?parent=8037"}],"curies":[{"name":"wp","href":"https:\/\/api.w.org\/{rel}","templated":true}]}}