{"id":3007,"date":"2020-11-11T16:00:13","date_gmt":"2020-11-11T22:00:13","guid":{"rendered":"https:\/\/cedhchiapas.org\/cedh\/?page_id=3007"},"modified":"2021-08-13T09:37:29","modified_gmt":"2021-08-13T14:37:29","slug":"3007-2","status":"publish","type":"page","link":"https:\/\/cedhchiapas.org\/cedh\/3007-2\/","title":{"rendered":"Post #3007"},"content":{"rendered":"\n<h2 class=\"wp-block-heading\">CUENTA P\u00daBLICA PRESUPUESTAL<\/h2>\n\n\n\n<div style=\"height:100px\" aria-hidden=\"true\" class=\"wp-block-spacer\"><\/div>\n\n\n\n<h2 class=\"wp-block-heading\">A\u00d1O 2021<\/h2>\n\n\n\n<div class=\"wp-block-group\"><div class=\"wp-block-group__inner-container is-layout-flow wp-block-group-is-layout-flow\">\n<h3 class=\"wp-block-heading\">SEGUNDO TRIMESTRE<\/h3>\n\n\n\n<ol id=\"block-e7df05a8-f3b2-4e3f-a563-586618124ff4\"><li><a href=\"https:\/\/cedhchiapas.org\/cedh\/wp-content\/uploads\/2021\/07\/LDF-6a.pdf\" data-type=\"URL\" data-id=\"https:\/\/cedhchiapas.org\/cedh\/wp-content\/uploads\/2021\/07\/LDF-6a.pdf\" target=\"_blank\" rel=\"noreferrer noopener\"><span class=\"has-inline-color has-black-color\">LDF 6a Clasificaci\u00f3n por Objeto del Gasto<\/span><\/a><\/li><li><a href=\"https:\/\/cedhchiapas.org\/cedh\/wp-content\/uploads\/2021\/07\/LDF-6b.pdf\" data-type=\"URL\" data-id=\"https:\/\/cedhchiapas.org\/cedh\/wp-content\/uploads\/2021\/07\/LDF-6b.pdf\" target=\"_blank\" rel=\"noreferrer noopener\"><span class=\"has-inline-color has-black-color\">LDF 6b Clasificaci\u00f3n Administrativa<\/span><\/a><\/li><li><a href=\"https:\/\/cedhchiapas.org\/cedh\/wp-content\/uploads\/2021\/07\/LDF-6c.pdf\" data-type=\"URL\" data-id=\"https:\/\/cedhchiapas.org\/cedh\/wp-content\/uploads\/2021\/07\/LDF-6c.pdf\" target=\"_blank\" rel=\"noreferrer noopener\"><span class=\"has-inline-color has-black-color\">LDF 6c Clasificaci\u00f3n Funcional<\/span><\/a><\/li><li><a href=\"https:\/\/cedhchiapas.org\/cedh\/wp-content\/uploads\/2021\/07\/LDF-6d.pdf\" target=\"_blank\" rel=\"noreferrer noopener\"><span class=\"has-inline-color has-black-color\">LDF 6d Clasificaci\u00f3n de Servicios Personales por Categor\u00eda<\/span><\/a><\/li><\/ol>\n\n\n\n<h3 class=\"wp-block-heading\">PRIMER TRIMESTRE<\/h3>\n\n\n\n<ol id=\"block-e7df05a8-f3b2-4e3f-a563-586618124ff4\"><li><a rel=\"noreferrer noopener\" href=\"https:\/\/cedhchiapas.org\/cedh\/wp-content\/uploads\/2021\/04\/LDF-6a-Clasificacoin-por-Objeto-del-Gasto.pdf\" target=\"_blank\"><span class=\"has-inline-color has-black-color\">LDF 6a Clasificaci\u00f3n por Objeto del Gasto<\/span><\/a><\/li><li><a rel=\"noreferrer noopener\" href=\"https:\/\/cedhchiapas.org\/cedh\/wp-content\/uploads\/2021\/04\/LDF-6b-Clasificacion-Administrativa.pdf\" data-type=\"URL\" data-id=\"https:\/\/cedhchiapas.org\/cedh\/wp-content\/uploads\/2021\/04\/LDF-6b-Clasificacion-Administrativa.pdf\" target=\"_blank\"><span class=\"has-inline-color has-black-color\">LDF 6b Clasificaci\u00f3n Administrativa<\/span><\/a><\/li><li><a rel=\"noreferrer noopener\" href=\"https:\/\/cedhchiapas.org\/cedh\/wp-content\/uploads\/2021\/04\/LDF-6c-Clasificacion-Funcional.pdf\" data-type=\"URL\" data-id=\"https:\/\/cedhchiapas.org\/cedh\/wp-content\/uploads\/2021\/04\/LDF-6c-Clasificacion-Funcional.pdf\" target=\"_blank\"><span class=\"has-inline-color has-black-color\">LDF 6c Clasificaci\u00f3n Funcional<\/span><\/a><\/li><li><a rel=\"noreferrer noopener\" href=\"https:\/\/cedhchiapas.org\/cedh\/wp-content\/uploads\/2021\/04\/LDF-6d-Clasificacion-de-Servicios-Personales-por-Categoria.pdf\" data-type=\"URL\" data-id=\"https:\/\/cedhchiapas.org\/cedh\/wp-content\/uploads\/2021\/04\/LDF-6d-Clasificacion-de-Servicios-Personales-por-Categoria.pdf\" target=\"_blank\"><span class=\"has-inline-color has-black-color\">LDF 6d Clasificaci\u00f3n de Servicios Personales por Categor\u00eda<\/span><\/a><\/li><li><a rel=\"noreferrer noopener\" href=\"https:\/\/cedhchiapas.org\/cedh\/wp-content\/uploads\/2021\/08\/EAdEdPdECE_1ER2021.pdf\" target=\"_blank\">Estado anal\u00edtico del ejercicio del presupuesto de egresos Clasificaci\u00f3n econom\u00eda<\/a><\/li><li><a href=\"https:\/\/cedhchiapas.org\/cedh\/wp-content\/uploads\/2021\/08\/GpCP_1er2021.pdf\" target=\"_blank\" rel=\"noreferrer noopener\">Gasto por Categor\u00eda Program\u00e1tica<\/a><\/li><\/ol>\n\n\n\n<p><\/p>\n\n\n\n<div style=\"height:100px\" aria-hidden=\"true\" class=\"wp-block-spacer\"><\/div>\n\n\n\n<h2 class=\"wp-block-heading\">A\u00d1O 2020<\/h2>\n\n\n\n<h3 class=\"wp-block-heading\">CUARTO TRIMESTRE<\/h3>\n\n\n\n<ol id=\"block-e7df05a8-f3b2-4e3f-a563-586618124ff4\"><li><a rel=\"noreferrer noopener\" href=\"https:\/\/cedhchiapas.org\/cedh\/wp-content\/uploads\/2021\/04\/1-RPA-1-Clasificacion-por-Objeto-del-Gasto.pdf\" target=\"_blank\"><span class=\"has-inline-color has-black-color\">RPA 1 Clasificaci\u00f3n por Objeto del Gasto<\/span><\/a><\/li><li><a rel=\"noreferrer noopener\" href=\"https:\/\/cedhchiapas.org\/cedh\/wp-content\/uploads\/2021\/04\/2-RPA-2-Clasificacion-Economica-por-Tipo-de-Gasto.pdf\" target=\"_blank\"><span class=\"has-inline-color has-black-color\">RPA 2 Clasificaci\u00f3n Econ\u00f3mica por Tipo de Gasto<\/span><\/a><\/li><li><a rel=\"noreferrer noopener\" href=\"https:\/\/cedhchiapas.org\/cedh\/wp-content\/uploads\/2021\/04\/3-RPA-3-Clasificacion-AdministrativaOrganismo.pdf\" target=\"_blank\"><span class=\"has-inline-color has-black-color\">RPA 3 Clasificaci\u00f3n Administrativa Organismo<\/span><\/a><\/li><li><a rel=\"noreferrer noopener\" href=\"https:\/\/cedhchiapas.org\/cedh\/wp-content\/uploads\/2021\/04\/4-RPA-4-Clasificacion-AdministrativaPoderes.pdf\" target=\"_blank\"><span class=\"has-inline-color has-black-color\">RPA 4 Clasificaci\u00f3n Administrativa Poderes<\/span><\/a><\/li><li><a rel=\"noreferrer noopener\" href=\"https:\/\/cedhchiapas.org\/cedh\/wp-content\/uploads\/2021\/04\/5-RPA-5-Clasificacion-AdministrativaEntidades.pdf\" target=\"_blank\"><span class=\"has-inline-color has-black-color\">RPA 5 Clasificaci\u00f3n Administrativa Entidades<\/span><\/a><\/li><li><a rel=\"noreferrer noopener\" href=\"https:\/\/cedhchiapas.org\/cedh\/wp-content\/uploads\/2021\/04\/6-RPA-6-Clasificacion-Funcional.pdf\" data-type=\"URL\" data-id=\"https:\/\/cedhchiapas.org\/cedh\/wp-content\/uploads\/2021\/04\/6-RPA-6-Clasificacion-Funcional.pdf\" target=\"_blank\"><span class=\"has-inline-color has-black-color\">RPA 6 Clasificaci\u00f3n Funcional<\/span><\/a><\/li><li><a href=\"https:\/\/cedhchiapas.org\/cedh\/wp-content\/uploads\/2021\/04\/7-RPA-7-Gasto-por-Categoria-Programatica.pdf\" target=\"_blank\" rel=\"noreferrer noopener\"><span class=\"has-inline-color has-black-color\">RPA 7 Gasto por Categor\u00eda Program\u00e1tica<\/span><\/a><\/li><\/ol>\n\n\n\n<p><\/p>\n\n\n\n<h3 class=\"wp-block-heading\">TERCER TRIMESTRE<\/h3>\n\n\n\n<ol id=\"block-e7df05a8-f3b2-4e3f-a563-586618124ff4\"><li><a rel=\"noreferrer noopener\" href=\"https:\/\/cedhchiapas.org\/cedh\/wp-content\/uploads\/2020\/12\/Estado-Analitico-de-Ingresos.pdf\" target=\"_blank\"><span class=\"has-inline-color has-black-color\">Estado Anal\u00edtico de Ingresos<\/span><\/a><\/li><li><a rel=\"noreferrer noopener\" href=\"https:\/\/cedhchiapas.org\/cedh\/wp-content\/uploads\/2020\/12\/Endeudamiento-Neto.pdf\" target=\"_blank\"><span class=\"has-inline-color has-black-color\">Endeudamiento Neto<\/span><\/a><\/li><li><a rel=\"noreferrer noopener\" href=\"https:\/\/cedhchiapas.org\/cedh\/wp-content\/uploads\/2020\/12\/Inereses-de-la-Deuda.pdf\" target=\"_blank\"><span class=\"has-inline-color has-black-color\">Intereses de la Deuda<\/span><\/a><\/li><li><a rel=\"noreferrer noopener\" href=\"https:\/\/cedhchiapas.org\/cedh\/wp-content\/uploads\/2020\/12\/RPA-01-Clasificacion-por-Objeto-del-Gasto.pdf\" target=\"_blank\"><span class=\"has-inline-color has-black-color\">RPA 1 Clasificaci\u00f3n por Objeto del Gasto<\/span><\/a><\/li><li><a rel=\"noreferrer noopener\" href=\"https:\/\/cedhchiapas.org\/cedh\/wp-content\/uploads\/2020\/12\/RPA-02-Clasificacion-Economica-por-tipo-de-Gasto.pdf\" target=\"_blank\"><span class=\"has-inline-color has-black-color\">RPA 2 Clasificaci\u00f3n Econ\u00f3mica por Tipo de Gasto<\/span><\/a><\/li><li><a rel=\"noreferrer noopener\" href=\"https:\/\/cedhchiapas.org\/cedh\/wp-content\/uploads\/2020\/12\/RPA-03-Clasificacion-Administrativa-Organisno.pdf\" target=\"_blank\"><span class=\"has-inline-color has-black-color\">RPA 3 Clasificaci\u00f3n Administrativa Organismo<\/span><\/a><\/li><li><a rel=\"noreferrer noopener\" href=\"https:\/\/cedhchiapas.org\/cedh\/wp-content\/uploads\/2020\/12\/RPA-04-Clasificacion-Administrativa-Poderes.pdf\" target=\"_blank\"><span class=\"has-inline-color has-black-color\">RPA 4 Clasificaci\u00f3n Administrativa Poderes<\/span><\/a><\/li><li><a rel=\"noreferrer noopener\" href=\"https:\/\/cedhchiapas.org\/cedh\/wp-content\/uploads\/2020\/12\/RPA-05-Clasificacion-Administrativa-Entidades.pdf\" target=\"_blank\"><span class=\"has-inline-color has-black-color\">RPA 5 Clasificacion Administrativa Entidades<\/span><\/a><\/li><li><a rel=\"noreferrer noopener\" href=\"https:\/\/cedhchiapas.org\/cedh\/wp-content\/uploads\/2020\/12\/RPA-06-Clasificacion-funcional.pdf\" target=\"_blank\"><span class=\"has-inline-color has-black-color\">RPA 6 Clasificaci\u00f3n Funcional<\/span><\/a><\/li><li><a rel=\"noreferrer noopener\" href=\"https:\/\/cedhchiapas.org\/cedh\/wp-content\/uploads\/2020\/12\/RPA-07-Gasto-por-Categoria-programatica.pdf\" target=\"_blank\"><span class=\"has-inline-color has-black-color\">RPA 7 Gasto por Categor\u00eda Program\u00e1tica<\/span><\/a><\/li><li><a href=\"https:\/\/cedhchiapas.org\/cedh\/wp-content\/uploads\/2020\/12\/Estado-analitico-de-la-Deuda-y-Otros-pasivos.pdf\" target=\"_blank\" rel=\"noreferrer noopener\"><span class=\"has-inline-color has-black-color\">Estado Anal\u00edtico de la Deuda y Otros Pasivos<\/span><\/a><\/li><\/ol>\n\n\n\n<p><\/p>\n<\/div><\/div>\n\n\n\n<div class=\"wp-block-group\"><div class=\"wp-block-group__inner-container is-layout-flow wp-block-group-is-layout-flow\">\n<h3 class=\"wp-block-heading\">SEGUNDO TRIMESTRE<\/h3>\n\n\n\n<ol id=\"block-e7df05a8-f3b2-4e3f-a563-586618124ff4\"><li><a rel=\"noreferrer noopener\" href=\"https:\/\/cedhchiapas.org\/cedh\/wp-content\/uploads\/2020\/11\/02001EDOANAING_.pdf\" data-type=\"URL\" data-id=\"https:\/\/cedhchiapas.org\/cedh\/wp-content\/uploads\/2020\/11\/02001EDOANAING_.pdf\" target=\"_blank\"><span class=\"has-inline-color has-black-color\">Estado Anal\u00edtico de Ingresos<\/span><\/a><\/li><li><a rel=\"noreferrer noopener\" href=\"https:\/\/cedhchiapas.org\/cedh\/wp-content\/uploads\/2020\/11\/02002ENDNETO_.pdf\" data-type=\"URL\" data-id=\"https:\/\/cedhchiapas.org\/cedh\/wp-content\/uploads\/2020\/11\/02002ENDNETO_.pdf\" target=\"_blank\"><span class=\"has-inline-color has-black-color\">Endeudamiento Neto<\/span><\/a><\/li><li><a rel=\"noreferrer noopener\" href=\"https:\/\/cedhchiapas.org\/cedh\/wp-content\/uploads\/2020\/11\/02003INTDEU_.pdf\" data-type=\"URL\" data-id=\"https:\/\/cedhchiapas.org\/cedh\/wp-content\/uploads\/2020\/11\/02003INTDEU_.pdf\" target=\"_blank\"><span class=\"has-inline-color has-black-color\">Intereses de la Deuda<\/span><\/a><\/li><li><a rel=\"noreferrer noopener\" href=\"https:\/\/cedhchiapas.org\/cedh\/wp-content\/uploads\/2020\/11\/02004RPA1_.pdf\" data-type=\"URL\" data-id=\"https:\/\/cedhchiapas.org\/cedh\/wp-content\/uploads\/2020\/11\/02004RPA1_.pdf\" target=\"_blank\"><span class=\"has-inline-color has-black-color\">RPA 1 Clasificaci\u00f3n por Objeto del Gasto<\/span><\/a><\/li><li><a rel=\"noreferrer noopener\" href=\"https:\/\/cedhchiapas.org\/cedh\/wp-content\/uploads\/2020\/11\/02005RPA2_.pdf\" data-type=\"URL\" data-id=\"https:\/\/cedhchiapas.org\/cedh\/wp-content\/uploads\/2020\/11\/02005RPA2_.pdf\" target=\"_blank\"><span class=\"has-inline-color has-black-color\">RPA 2 Clasificaci\u00f3n Econ\u00f3mica por Tipo de Gasto<\/span><\/a><\/li><li><a rel=\"noreferrer noopener\" href=\"https:\/\/cedhchiapas.org\/cedh\/wp-content\/uploads\/2020\/11\/02006RPA3_.pdf\" data-type=\"URL\" data-id=\"https:\/\/cedhchiapas.org\/cedh\/wp-content\/uploads\/2020\/11\/02006RPA3_.pdf\" target=\"_blank\"><span class=\"has-inline-color has-black-color\">RPA 3 Clasificaci\u00f3n Administrativa Organismo<\/span><\/a><\/li><li><a rel=\"noreferrer noopener\" href=\"https:\/\/cedhchiapas.org\/cedh\/wp-content\/uploads\/2020\/11\/02009RPA6_.pdf\" data-type=\"URL\" data-id=\"https:\/\/cedhchiapas.org\/cedh\/wp-content\/uploads\/2020\/11\/02009RPA6_.pdf\" target=\"_blank\"><span class=\"has-inline-color has-black-color\">RPA 6 Clasificaci\u00f3n Funcional<\/span><\/a><\/li><li><a rel=\"noreferrer noopener\" href=\"https:\/\/cedhchiapas.org\/cedh\/wp-content\/uploads\/2020\/11\/02010RPA7_.pdf\" data-type=\"URL\" data-id=\"https:\/\/cedhchiapas.org\/cedh\/wp-content\/uploads\/2020\/11\/02010RPA7_.pdf\" target=\"_blank\"><span class=\"has-inline-color has-black-color\">RPA 7 Gasto por Categor\u00eda Program\u00e1tica<\/span><\/a><\/li><li><a rel=\"noreferrer noopener\" href=\"https:\/\/cedhchiapas.org\/cedh\/wp-content\/uploads\/2020\/11\/02011PROGPROY_.pdf\" data-type=\"URL\" data-id=\"https:\/\/cedhchiapas.org\/cedh\/wp-content\/uploads\/2020\/11\/02011PROGPROY_.pdf\" target=\"_blank\"><span class=\"has-inline-color has-black-color\">Programas y Proyectos de inversion<\/span><\/a><\/li><li><a rel=\"noreferrer noopener\" href=\"https:\/\/cedhchiapas.org\/cedh\/wp-content\/uploads\/2020\/11\/02012EJEDEST_.pdf\" data-type=\"URL\" data-id=\"https:\/\/cedhchiapas.org\/cedh\/wp-content\/uploads\/2020\/11\/02012EJEDEST_.pdf\" target=\"_blank\"><span class=\"has-inline-color has-black-color\">EJERCICIO Y DESTINO DE GASTO FEDERALIZADO Y REINTEGROS<\/span><\/a><\/li><\/ol>\n\n\n\n<p><\/p>\n<\/div><\/div>\n\n\n\n<div class=\"wp-block-group\"><div class=\"wp-block-group__inner-container is-layout-flow wp-block-group-is-layout-flow\">\n<h3 class=\"wp-block-heading\">PRIMER TRIMESTRE<\/h3>\n\n\n\n<ol id=\"block-e7df05a8-f3b2-4e3f-a563-586618124ff4\"><li><a rel=\"noreferrer noopener\" href=\"https:\/\/cedhchiapas.org\/cedh\/wp-content\/uploads\/2020\/11\/01001EDOANAING_.pdf\" data-type=\"URL\" data-id=\"https:\/\/cedhchiapas.org\/cedh\/wp-content\/uploads\/2020\/11\/01001EDOANAING_.pdf\" target=\"_blank\"><span class=\"has-inline-color has-black-color\">Estado Anal\u00edtico de Ingresos<\/span><\/a><\/li><li><a rel=\"noreferrer noopener\" href=\"https:\/\/cedhchiapas.org\/cedh\/wp-content\/uploads\/2020\/11\/01002ENDNETO_.pdf\" data-type=\"URL\" data-id=\"https:\/\/cedhchiapas.org\/cedh\/wp-content\/uploads\/2020\/11\/01002ENDNETO_.pdf\" target=\"_blank\"><span class=\"has-inline-color has-black-color\">Endeudamiento Neto<\/span><\/a><\/li><li><a rel=\"noreferrer noopener\" href=\"https:\/\/cedhchiapas.org\/cedh\/wp-content\/uploads\/2020\/11\/01003INTDEU_.pdf\" data-type=\"URL\" data-id=\"https:\/\/cedhchiapas.org\/cedh\/wp-content\/uploads\/2020\/11\/01003INTDEU_.pdf\" target=\"_blank\"><span class=\"has-inline-color has-black-color\">Intereses de la Deuda<\/span><\/a><\/li><li><a rel=\"noreferrer noopener\" href=\"https:\/\/cedhchiapas.org\/cedh\/wp-content\/uploads\/2020\/11\/01004RPA1_.pdf\" data-type=\"URL\" data-id=\"https:\/\/cedhchiapas.org\/cedh\/wp-content\/uploads\/2020\/11\/01004RPA1_.pdf\" target=\"_blank\"><span class=\"has-inline-color has-black-color\">RPA 1 Clasificaci\u00f3n por Objeto del Gasto<\/span><\/a><\/li><li><a rel=\"noreferrer noopener\" href=\"https:\/\/cedhchiapas.org\/cedh\/wp-content\/uploads\/2020\/11\/01005RPA2_.pdf\" data-type=\"URL\" data-id=\"https:\/\/cedhchiapas.org\/cedh\/wp-content\/uploads\/2020\/11\/01005RPA2_.pdf\" target=\"_blank\"><span class=\"has-inline-color has-black-color\">RPA 2 Clasificaci\u00f3n Econ\u00f3mica por Tipo de Gasto<\/span><\/a><\/li><li><a rel=\"noreferrer noopener\" href=\"https:\/\/cedhchiapas.org\/cedh\/wp-content\/uploads\/2020\/11\/01006RPA3_.pdf\" data-type=\"URL\" data-id=\"https:\/\/cedhchiapas.org\/cedh\/wp-content\/uploads\/2020\/11\/01006RPA3_.pdf\" target=\"_blank\"><span class=\"has-inline-color has-black-color\">RPA 3 Clasificaci\u00f3n Administrativa Organismo<\/span><\/a><\/li><li><a rel=\"noreferrer noopener\" href=\"https:\/\/cedhchiapas.org\/cedh\/wp-content\/uploads\/2020\/11\/01009RPA6_.pdf\" data-type=\"URL\" data-id=\"https:\/\/cedhchiapas.org\/cedh\/wp-content\/uploads\/2020\/11\/01009RPA6_.pdf\" target=\"_blank\"><span class=\"has-inline-color has-black-color\">RPA 6 Clasificaci\u00f3n Funcional<\/span><\/a><\/li><li><a rel=\"noreferrer noopener\" href=\"https:\/\/cedhchiapas.org\/cedh\/wp-content\/uploads\/2020\/11\/01010RPA7_.pdf\" data-type=\"URL\" data-id=\"https:\/\/cedhchiapas.org\/cedh\/wp-content\/uploads\/2020\/11\/01010RPA7_.pdf\" target=\"_blank\"><span class=\"has-inline-color has-black-color\">RPA 7 Gasto por Categor\u00eda Program\u00e1tica<\/span><\/a><\/li><li><a rel=\"noreferrer noopener\" href=\"https:\/\/cedhchiapas.org\/cedh\/wp-content\/uploads\/2020\/11\/01011PROGPROY_.pdf\" data-type=\"URL\" data-id=\"https:\/\/cedhchiapas.org\/cedh\/wp-content\/uploads\/2020\/11\/01011PROGPROY_.pdf\" target=\"_blank\"><span class=\"has-inline-color has-black-color\">Programas y Proyectos de inversion<\/span><\/a><\/li><li><a rel=\"noreferrer noopener\" href=\"https:\/\/cedhchiapas.org\/cedh\/wp-content\/uploads\/2020\/11\/01012EJEDEST_.pdf\" data-type=\"URL\" data-id=\"https:\/\/cedhchiapas.org\/cedh\/wp-content\/uploads\/2020\/11\/01012EJEDEST_.pdf\" target=\"_blank\"><span class=\"has-inline-color has-black-color\">EJERCICIO Y DESTINO DE GASTO FEDERALIZADO Y REINTEGROS<\/span><\/a><\/li><\/ol>\n\n\n\n<p><\/p>\n<\/div><\/div>\n\n\n\n<div style=\"height:100px\" aria-hidden=\"true\" class=\"wp-block-spacer\"><\/div>\n","protected":false},"excerpt":{"rendered":"<p>CUENTA P\u00daBLICA PRESUPUESTAL A\u00d1O 2021 SEGUNDO TRIMESTRE LDF 6a Clasificaci\u00f3n por Objeto del Gasto LDF 6b Clasificaci\u00f3n Administrativa LDF 6c Clasificaci\u00f3n Funcional LDF 6d Clasificaci\u00f3n de Servicios Personales por Categor\u00eda<\/p>\n","protected":false},"author":2,"featured_media":0,"parent":0,"menu_order":0,"comment_status":"closed","ping_status":"closed","template":"","meta":{"footnotes":""},"jetpack_sharing_enabled":true,"_links":{"self":[{"href":"https:\/\/cedhchiapas.org\/cedh\/wp-json\/wp\/v2\/pages\/3007"}],"collection":[{"href":"https:\/\/cedhchiapas.org\/cedh\/wp-json\/wp\/v2\/pages"}],"about":[{"href":"https:\/\/cedhchiapas.org\/cedh\/wp-json\/wp\/v2\/types\/page"}],"author":[{"embeddable":true,"href":"https:\/\/cedhchiapas.org\/cedh\/wp-json\/wp\/v2\/users\/2"}],"replies":[{"embeddable":true,"href":"https:\/\/cedhchiapas.org\/cedh\/wp-json\/wp\/v2\/comments?post=3007"}],"version-history":[{"count":13,"href":"https:\/\/cedhchiapas.org\/cedh\/wp-json\/wp\/v2\/pages\/3007\/revisions"}],"predecessor-version":[{"id":4348,"href":"https:\/\/cedhchiapas.org\/cedh\/wp-json\/wp\/v2\/pages\/3007\/revisions\/4348"}],"wp:attachment":[{"href":"https:\/\/cedhchiapas.org\/cedh\/wp-json\/wp\/v2\/media?parent=3007"}],"curies":[{"name":"wp","href":"https:\/\/api.w.org\/{rel}","templated":true}]}}