{"id":2497,"date":"2020-08-11T01:53:37","date_gmt":"2020-08-11T01:53:37","guid":{"rendered":"https:\/\/cedh.cedhchiapas.org\/?page_id=2497"},"modified":"2024-08-15T12:24:53","modified_gmt":"2024-08-15T18:24:53","slug":"solicitud-de-capacitacion","status":"publish","type":"page","link":"https:\/\/cedhchiapas.org\/cedh\/inicadh\/solicitud-de-capacitacion\/","title":{"rendered":"<!--Solicitud de capacitaci\u00f3n-->"},"content":{"rendered":"\t\t<div data-elementor-type=\"wp-page\" data-elementor-id=\"2497\" class=\"elementor elementor-2497\">\n\t\t\t\t\t\t\t\t\t<section class=\"elementor-section elementor-top-section elementor-element elementor-element-a902340 elementor-section-boxed elementor-section-height-default elementor-section-height-default wpr-particle-no wpr-sticky-section-no\" data-id=\"a902340\" data-element_type=\"section\">\n\t\t\t\t\t\t<div class=\"elementor-container elementor-column-gap-default\">\n\t\t\t\t\t<div class=\"elementor-column elementor-col-100 elementor-top-column elementor-element elementor-element-d0770f6\" data-id=\"d0770f6\" data-element_type=\"column\">\n\t\t\t<div class=\"elementor-widget-wrap elementor-element-populated\">\n\t\t\t\t\t\t\t\t<div class=\"elementor-element elementor-element-dedfa36 elementor-widget elementor-widget-heading\" data-id=\"dedfa36\" data-element_type=\"widget\" data-widget_type=\"heading.default\">\n\t\t\t\t<div class=\"elementor-widget-container\">\n\t\t\t<h1 class=\"elementor-heading-title elementor-size-xxl\">Solicitud de capacitaci\u00f3n<\/h1>\t\t<\/div>\n\t\t\t\t<\/div>\n\t\t\t\t<div class=\"elementor-element elementor-element-a19a3f0 elementor-widget elementor-widget-text-editor\" data-id=\"a19a3f0\" data-element_type=\"widget\" data-widget_type=\"text-editor.default\">\n\t\t\t\t<div class=\"elementor-widget-container\">\n\t\t\t\t\t\t\t<h4><span style=\"color: #000000;\">La promoci\u00f3n de los derechos humanos a trav\u00e9s de la capacitaci\u00f3n es una tarea esencial de la Comisi\u00f3n Estatal de los Derechos Humanos, que reconoce a la educaci\u00f3n como una estrategia fundamental para incidir en la prevenci\u00f3n de violaciones a los derechos humanos.<\/span><\/h4><h4><span style=\"color: #000000;\">La CEDH Chiapas pone a disposici\u00f3n el cat\u00e1logo de temas, las modalidades disponibles as\u00ed como el tipo de actividades educativas (cursos, talleres, cine-debates, conferencias) que imparte a trav\u00e9s del Instituto de Investigaci\u00f3n y Capacitaci\u00f3n en Derechos Humanos.<\/span><\/h4>\t\t\t\t\t\t<\/div>\n\t\t\t\t<\/div>\n\t\t\t\t\t<\/div>\n\t\t<\/div>\n\t\t\t\t\t\t\t<\/div>\n\t\t<\/section>\n\t\t\t\t<section class=\"elementor-section elementor-top-section elementor-element elementor-element-6a9d13c elementor-section-boxed elementor-section-height-default elementor-section-height-default wpr-particle-no wpr-sticky-section-no\" data-id=\"6a9d13c\" data-element_type=\"section\">\n\t\t\t\t\t\t<div class=\"elementor-container elementor-column-gap-default\">\n\t\t\t\t\t<div class=\"elementor-column elementor-col-100 elementor-top-column elementor-element elementor-element-8e87d4d\" data-id=\"8e87d4d\" data-element_type=\"column\">\n\t\t\t<div class=\"elementor-widget-wrap elementor-element-populated\">\n\t\t\t\t\t\t\t\t<div class=\"elementor-element elementor-element-4abe0b4 elementor-widget elementor-widget-wpforms\" data-id=\"4abe0b4\" data-element_type=\"widget\" data-widget_type=\"wpforms.default\">\n\t\t\t\t<div class=\"elementor-widget-container\">\n\t\t\t<div class=\"wpforms-container wpforms-container-full\" id=\"wpforms-8087\"><form id=\"wpforms-form-8087\" class=\"wpforms-validate wpforms-form wpforms-ajax-form\" data-formid=\"8087\" method=\"post\" enctype=\"multipart\/form-data\" action=\"\/cedh\/wp-json\/wp\/v2\/pages\/2497\" data-token=\"ce65e449d7c9dafc458fe6fc204c512f\" data-token-time=\"1778016666\"><noscript class=\"wpforms-error-noscript\">Por favor, activa JavaScript en tu navegador para completar este formulario.<\/noscript><div class=\"wpforms-field-container\"><div id=\"wpforms-8087-field_13-container\" class=\"wpforms-field wpforms-field-checkbox\" data-field-id=\"13\"><label class=\"wpforms-field-label\" for=\"wpforms-8087-field_13\">OFERTA ACADEMICA (SELECCIONE LOS TEMAS DE INTER\u00c9S)<\/label><ul id=\"wpforms-8087-field_13\"><li class=\"choice-1 depth-1\"><input type=\"checkbox\" id=\"wpforms-8087-field_13_1\" name=\"wpforms[fields][13][]\" value=\"Introducci\u00f3n a los Derechos Humanos.\"  ><label class=\"wpforms-field-label-inline\" for=\"wpforms-8087-field_13_1\">Introducci\u00f3n a los Derechos Humanos.<\/label><\/li><li class=\"choice-2 depth-1\"><input type=\"checkbox\" id=\"wpforms-8087-field_13_2\" name=\"wpforms[fields][13][]\" value=\"Derechos humanos en el servicio p\u00fablico.\"  ><label class=\"wpforms-field-label-inline\" for=\"wpforms-8087-field_13_2\">Derechos humanos en el servicio p\u00fablico.<\/label><\/li><li class=\"choice-3 depth-1\"><input type=\"checkbox\" id=\"wpforms-8087-field_13_3\" name=\"wpforms[fields][13][]\" value=\"Lenguaje incluyente.\"  ><label class=\"wpforms-field-label-inline\" for=\"wpforms-8087-field_13_3\">Lenguaje incluyente.<\/label><\/li><li class=\"choice-4 depth-1\"><input type=\"checkbox\" id=\"wpforms-8087-field_13_4\" name=\"wpforms[fields][13][]\" value=\"Derecho a la no discriminaci\u00f3n.\"  ><label class=\"wpforms-field-label-inline\" for=\"wpforms-8087-field_13_4\">Derecho a la no discriminaci\u00f3n.<\/label><\/li><li class=\"choice-15 depth-1\"><input type=\"checkbox\" id=\"wpforms-8087-field_13_15\" name=\"wpforms[fields][13][]\" value=\"Derechos humanos de las personas con discapacidad.\"  ><label class=\"wpforms-field-label-inline\" for=\"wpforms-8087-field_13_15\">Derechos humanos de las personas con discapacidad.<\/label><\/li><li class=\"choice-5 depth-1\"><input type=\"checkbox\" id=\"wpforms-8087-field_13_5\" name=\"wpforms[fields][13][]\" value=\"Derechos de ni\u00f1as, ni\u00f1os y adolescentes.\"  ><label class=\"wpforms-field-label-inline\" for=\"wpforms-8087-field_13_5\">Derechos de ni\u00f1as, ni\u00f1os y adolescentes.<\/label><\/li><li class=\"choice-6 depth-1\"><input type=\"checkbox\" id=\"wpforms-8087-field_13_6\" name=\"wpforms[fields][13][]\" value=\"Derecho humano a una escuela libre de violencia.\"  ><label class=\"wpforms-field-label-inline\" for=\"wpforms-8087-field_13_6\">Derecho humano a una escuela libre de violencia.<\/label><\/li><li class=\"choice-7 depth-1\"><input type=\"checkbox\" id=\"wpforms-8087-field_13_7\" name=\"wpforms[fields][13][]\" value=\"Maltrato infantil.\"  ><label class=\"wpforms-field-label-inline\" for=\"wpforms-8087-field_13_7\">Maltrato infantil.<\/label><\/li><li class=\"choice-8 depth-1\"><input type=\"checkbox\" id=\"wpforms-8087-field_13_8\" name=\"wpforms[fields][13][]\" value=\"Derechos humanos en las juventudes.\"  ><label class=\"wpforms-field-label-inline\" for=\"wpforms-8087-field_13_8\">Derechos humanos en las juventudes.<\/label><\/li><li class=\"choice-9 depth-1\"><input type=\"checkbox\" id=\"wpforms-8087-field_13_9\" name=\"wpforms[fields][13][]\" value=\"Salud con enfoque de derechos humanos.\"  ><label class=\"wpforms-field-label-inline\" for=\"wpforms-8087-field_13_9\">Salud con enfoque de derechos humanos.<\/label><\/li><li class=\"choice-10 depth-1\"><input type=\"checkbox\" id=\"wpforms-8087-field_13_10\" name=\"wpforms[fields][13][]\" value=\"Derechos humanos de las personas que viven con VIH\/Sida.\"  ><label class=\"wpforms-field-label-inline\" for=\"wpforms-8087-field_13_10\">Derechos humanos de las personas que viven con VIH\/Sida.<\/label><\/li><li class=\"choice-11 depth-1\"><input type=\"checkbox\" id=\"wpforms-8087-field_13_11\" name=\"wpforms[fields][13][]\" value=\"Violencia en las relaciones sexo-afectivas.\"  ><label class=\"wpforms-field-label-inline\" for=\"wpforms-8087-field_13_11\">Violencia en las relaciones sexo-afectivas.<\/label><\/li><li class=\"choice-12 depth-1\"><input type=\"checkbox\" id=\"wpforms-8087-field_13_12\" name=\"wpforms[fields][13][]\" value=\"Violencia en el entorno digital.\"  ><label class=\"wpforms-field-label-inline\" for=\"wpforms-8087-field_13_12\">Violencia en el entorno digital.<\/label><\/li><li class=\"choice-13 depth-1\"><input type=\"checkbox\" id=\"wpforms-8087-field_13_13\" name=\"wpforms[fields][13][]\" value=\"Derechos humanos de las personas adultas mayores.\"  ><label class=\"wpforms-field-label-inline\" for=\"wpforms-8087-field_13_13\">Derechos humanos de las personas adultas mayores.<\/label><\/li><li class=\"choice-14 depth-1\"><input type=\"checkbox\" id=\"wpforms-8087-field_13_14\" name=\"wpforms[fields][13][]\" value=\"Derechos humanos de los pueblos y comunidades ind\u00edgenas y afrodescendientes.\"  ><label class=\"wpforms-field-label-inline\" for=\"wpforms-8087-field_13_14\">Derechos humanos de los pueblos y comunidades ind\u00edgenas y afrodescendientes.<\/label><\/li><li class=\"choice-16 depth-1\"><input type=\"checkbox\" id=\"wpforms-8087-field_13_16\" name=\"wpforms[fields][13][]\" value=\"Desplazamiento forzado interno.\"  ><label class=\"wpforms-field-label-inline\" for=\"wpforms-8087-field_13_16\">Desplazamiento forzado interno.<\/label><\/li><li class=\"choice-17 depth-1\"><input type=\"checkbox\" id=\"wpforms-8087-field_13_17\" name=\"wpforms[fields][13][]\" value=\"Derecho de las mujeres a una vida libre de violencia.\"  ><label class=\"wpforms-field-label-inline\" for=\"wpforms-8087-field_13_17\">Derecho de las mujeres a una vida libre de violencia.<\/label><\/li><li class=\"choice-18 depth-1\"><input type=\"checkbox\" id=\"wpforms-8087-field_13_18\" name=\"wpforms[fields][13][]\" value=\"Hostigamiento y acoso sexual.\"  ><label class=\"wpforms-field-label-inline\" for=\"wpforms-8087-field_13_18\">Hostigamiento y acoso sexual.<\/label><\/li><li class=\"choice-19 depth-1\"><input type=\"checkbox\" id=\"wpforms-8087-field_13_19\" name=\"wpforms[fields][13][]\" value=\"Empresas y derechos humanos.\"  ><label class=\"wpforms-field-label-inline\" for=\"wpforms-8087-field_13_19\">Empresas y derechos humanos.<\/label><\/li><li class=\"choice-20 depth-1\"><input type=\"checkbox\" id=\"wpforms-8087-field_13_20\" name=\"wpforms[fields][13][]\" value=\"Derechos humanos y agenda 2030.\"  ><label class=\"wpforms-field-label-inline\" for=\"wpforms-8087-field_13_20\">Derechos humanos y agenda 2030.<\/label><\/li><li class=\"choice-21 depth-1\"><input type=\"checkbox\" id=\"wpforms-8087-field_13_21\" name=\"wpforms[fields][13][]\" value=\"Cultura de paz.\"  ><label class=\"wpforms-field-label-inline\" for=\"wpforms-8087-field_13_21\">Cultura de paz.<\/label><\/li><li class=\"choice-22 depth-1\"><input type=\"checkbox\" id=\"wpforms-8087-field_13_22\" name=\"wpforms[fields][13][]\" value=\"Seguridad ciudadana y derechos humanos.\"  ><label class=\"wpforms-field-label-inline\" for=\"wpforms-8087-field_13_22\">Seguridad ciudadana y derechos humanos.<\/label><\/li><li class=\"choice-23 depth-1\"><input type=\"checkbox\" id=\"wpforms-8087-field_13_23\" name=\"wpforms[fields][13][]\" value=\"Derecho a un medio ambiente sano.\"  ><label class=\"wpforms-field-label-inline\" for=\"wpforms-8087-field_13_23\">Derecho a un medio ambiente sano.<\/label><\/li><\/ul><\/div><div id=\"wpforms-8087-field_6-container\" class=\"wpforms-field wpforms-field-text\" data-field-id=\"6\"><label class=\"wpforms-field-label\" for=\"wpforms-8087-field_6\">Nombre de la Persona Enlace Solicitante <span class=\"wpforms-required-label\">*<\/span><\/label><input type=\"text\" id=\"wpforms-8087-field_6\" class=\"wpforms-field-large wpforms-field-required\" name=\"wpforms[fields][6]\" required><div class=\"wpforms-field-description\">DATOS PARA LA SOLICITUD DE CAPACITACIONES<\/div><\/div><div id=\"wpforms-8087-field_5-container\" class=\"wpforms-field wpforms-field-email\" data-field-id=\"5\"><label class=\"wpforms-field-label\" for=\"wpforms-8087-field_5\">Correo electr\u00f3nico de la Persona Enlace Solicitante <span class=\"wpforms-required-label\">*<\/span><\/label><div class=\"wpforms-field-row wpforms-field-large\"><div class=\"wpforms-field-row-block wpforms-one-half wpforms-first\"><input type=\"email\" id=\"wpforms-8087-field_5\" class=\"wpforms-field-required wpforms-field-email-primary\" name=\"wpforms[fields][5][primary]\" spellcheck=\"false\" required><label for=\"wpforms-8087-field_5\" class=\"wpforms-field-sublabel after\">Correo electr\u00f3nico<\/label><\/div><div class=\"wpforms-field-row-block wpforms-one-half\"><input type=\"email\" id=\"wpforms-8087-field_5-secondary\" class=\"wpforms-field-email-secondary wpforms-field-required\" data-rule-confirm=\"#wpforms-8087-field_5\" name=\"wpforms[fields][5][secondary]\" spellcheck=\"false\" required><label for=\"wpforms-8087-field_5-secondary\" class=\"wpforms-field-sublabel after\">Confirmar el correo electr\u00f3nico<\/label><\/div><\/div><div class=\"wpforms-field-description\">DATOS PARA LA SOLICITUD DE CAPACITACIONES<\/div><\/div><div id=\"wpforms-8087-field_7-container\" class=\"wpforms-field wpforms-field-text\" data-field-id=\"7\"><label class=\"wpforms-field-label\" for=\"wpforms-8087-field_7\">Nombre de la Instituci\u00f3n o empresa a la que pertenece<\/label><input type=\"text\" id=\"wpforms-8087-field_7\" class=\"wpforms-field-large\" name=\"wpforms[fields][7]\" ><div class=\"wpforms-field-description\">DATOS PARA LA SOLICITUD DE CAPACITACIONES<\/div><\/div><div id=\"wpforms-8087-field_8-container\" class=\"wpforms-field wpforms-field-number\" data-field-id=\"8\"><label class=\"wpforms-field-label\" for=\"wpforms-8087-field_8\">N\u00famero de celular  <span class=\"wpforms-required-label\">*<\/span><\/label><input type=\"number\" id=\"wpforms-8087-field_8\" class=\"wpforms-field-medium wpforms-field-required\" name=\"wpforms[fields][8]\" required><div class=\"wpforms-field-description\">DATOS PARA LA SOLICITUD DE CAPACITACIONES<\/div><\/div><div id=\"wpforms-8087-field_10-container\" class=\"wpforms-field wpforms-field-number\" data-field-id=\"10\"><label class=\"wpforms-field-label\" for=\"wpforms-8087-field_10\">N\u00famero Fijo<\/label><input type=\"number\" id=\"wpforms-8087-field_10\" class=\"wpforms-field-medium\" name=\"wpforms[fields][10]\" ><div class=\"wpforms-field-description\">DATOS PARA LA SOLICITUD DE CAPACITACIONES<\/div><\/div><\/div><!-- .wpforms-field-container --><div class=\"wpforms-submit-container\" ><input type=\"hidden\" name=\"wpforms[id]\" value=\"8087\"><input type=\"hidden\" name=\"page_title\" value=\"\"><input type=\"hidden\" name=\"page_url\" value=\"https:\/\/cedhchiapas.org\/cedh\/wp-json\/wp\/v2\/pages\/2497\"><button type=\"submit\" name=\"wpforms[submit]\" id=\"wpforms-submit-8087\" class=\"wpforms-submit\" data-alt-text=\"Enviando...\" data-submit-text=\"Enviar\" aria-live=\"assertive\" value=\"wpforms-submit\">Enviar<\/button><img loading=\"lazy\" decoding=\"async\" src=\"https:\/\/cedhchiapas.org\/cedh\/wp-content\/plugins\/wpforms-lite\/assets\/images\/submit-spin.svg\" class=\"wpforms-submit-spinner\" style=\"display: none;\" width=\"26\" height=\"26\" alt=\"Cargando\"><\/div><\/form><\/div>  <!-- .wpforms-container -->\t\t<\/div>\n\t\t\t\t<\/div>\n\t\t\t\t\t<\/div>\n\t\t<\/div>\n\t\t\t\t\t\t\t<\/div>\n\t\t<\/section>\n\t\t\t\t<section class=\"elementor-section elementor-top-section elementor-element elementor-element-dea284f elementor-section-boxed elementor-section-height-default elementor-section-height-default wpr-particle-no wpr-sticky-section-no\" data-id=\"dea284f\" data-element_type=\"section\">\n\t\t\t\t\t\t<div class=\"elementor-container elementor-column-gap-default\">\n\t\t\t\t\t<div class=\"elementor-column elementor-col-100 elementor-top-column elementor-element elementor-element-59cca19\" data-id=\"59cca19\" data-element_type=\"column\">\n\t\t\t<div class=\"elementor-widget-wrap elementor-element-populated\">\n\t\t\t\t\t\t\t\t<div class=\"elementor-element elementor-element-4236821 elementor-widget elementor-widget-text-editor\" data-id=\"4236821\" data-element_type=\"widget\" data-widget_type=\"text-editor.default\">\n\t\t\t\t<div class=\"elementor-widget-container\">\n\t\t\t\t\t\t\t<h3 style=\"text-align: center;\"><span style=\"color: #9e2141;\"><strong>\u00a0Personal de la CEDH Chiapas se comunicar\u00e1 con la persona solicitante que se ha registrado para concretar fechas, horario y direcci\u00f3n para dar los temas elegidos, definir la modalidad de las capacitaciones y el n\u00famero de las personas que asistir\u00e1n. As\u00ed mismo, dar\u00e1 recomendaciones para el llenado de la carta solicitud de capacitaciones.<\/strong><\/span><\/h3>\t\t\t\t\t\t<\/div>\n\t\t\t\t<\/div>\n\t\t\t\t\t<\/div>\n\t\t<\/div>\n\t\t\t\t\t\t\t<\/div>\n\t\t<\/section>\n\t\t\t\t<section class=\"elementor-section elementor-top-section elementor-element elementor-element-7562fa4 elementor-section-boxed elementor-section-height-default elementor-section-height-default wpr-particle-no wpr-sticky-section-no\" data-id=\"7562fa4\" data-element_type=\"section\">\n\t\t\t\t\t\t<div class=\"elementor-container elementor-column-gap-default\">\n\t\t\t\t\t<div class=\"elementor-column elementor-col-100 elementor-top-column elementor-element elementor-element-8174afa\" data-id=\"8174afa\" data-element_type=\"column\">\n\t\t\t<div class=\"elementor-widget-wrap elementor-element-populated\">\n\t\t\t\t\t\t\t\t<div class=\"elementor-element elementor-element-b6ee060 elementor-widget elementor-widget-spacer\" data-id=\"b6ee060\" data-element_type=\"widget\" data-widget_type=\"spacer.default\">\n\t\t\t\t<div class=\"elementor-widget-container\">\n\t\t\t\t\t<div class=\"elementor-spacer\">\n\t\t\t<div class=\"elementor-spacer-inner\"><\/div>\n\t\t<\/div>\n\t\t\t\t<\/div>\n\t\t\t\t<\/div>\n\t\t\t\t<div class=\"elementor-element elementor-element-50041d6 elementor-widget__width-initial elementor-widget elementor-widget-text-editor\" data-id=\"50041d6\" data-element_type=\"widget\" data-widget_type=\"text-editor.default\">\n\t\t\t\t<div class=\"elementor-widget-container\">\n\t\t\t\t\t\t\t<p style=\"font-size: 12px;\"> <strong>Aviso de privacidad:<\/strong> La Comisi\u00f3n Estatal de los Derechos Humanos del Estado de Chiapas, es responsable del tratamiento de los datos personales que se proporcionen a trav\u00e9s del Instituto de Investigaci\u00f3n y Capacitaci\u00f3n en Derechos Humanos (INICADH), para las finalidades siguientes: realizar el registro de los participantes en las acciones de capacitaci\u00f3n y formaci\u00f3n, validar la participaci\u00f3n en los cursos y posgrados proporcionados por el INICADH; generar las constancias, certificaciones y acreditaciones respectivas; formar un expediente acad\u00e9mico; elaborar informes y, en su caso, establecer comunicaci\u00f3n para dar seguimiento a la conclusi\u00f3n de los cursos; y para aclarar dudas sobre sus datos, ya sea por alg\u00fan error o imprecisi\u00f3n, notificaci\u00f3n de cancelaci\u00f3n o cambio de horario, fecha y\/o sede. En todos estos casos se entender\u00e1 que otorga su consentimiento t\u00e1cito al momento de solicitar formalmente su inscripci\u00f3n a las acciones formaci\u00f3n y capacitaci\u00f3n. En caso de que el curso, taller o seminario se difunda, transmita o retransmita a trav\u00e9s de las redes sociales de Comisi\u00f3n Estatal de los Derechos Humanos del Estado de Chiapas, al momento del registro se le informar\u00e1 para que otorgue su consentimiento para este fin. Asimismo, se precisa que no se tiene prevista transmisi\u00f3n alguna de datos personales relacionados con este servicio, salvo en el caso de las excepciones previstas en el art\u00edculo\u202f95 de la Ley de Protecci\u00f3n de Datos Personales en Posesi\u00f3n de Sujetos Obligados del Estado de Chiapas. Es importante se\u00f1alar que no se dar\u00e1 tratamiento a estos datos para finalidades distintas a las se\u00f1aladas en este Aviso de Privacidad. Podr\u00e1 oponerse al tratamiento de sus datos personales presentando una solicitud de ejercicio de derechos ARCO directamente ante la Unidad de Transparencia de la Comisi\u00f3n Estatal de los Derechos Humanos del Estado de Chiapas, ubicada en 1ra Sur Oriente Esq. 2da Calle Oriente Sur, Edificio Plaza 3er Piso, Barrio San Roque, C.P. 29000, Tuxtla Guti\u00e9rrez, Chiapas, en un horario de lunes a viernes de 08:00 a 16:00 horas. As\u00ed como, a trav\u00e9s de la Plataforma Nacional de Transparencia disponible en http:\/\/www.plataformadetransparencia.org.mx\/ o enviando su solicitud al correo electr\u00f3nico: transparencia@cedhchiapas.org Si tiene alguna duda sobre el procedimiento para ejercer sus derechos ARCO, puede acudir a la Unidad de Transparencia, enviar un correo electr\u00f3nico a la direcci\u00f3n antes se\u00f1alada o comunicarse al tel\u00e9fono 961 60 2 89 80, en la extensi\u00f3n 284 en un horario de lunes a viernes de 08:00 a 16:00 horas. De conformidad con el aviso de privacidad, autorizo que el uso de mi voz y mi imagen que pueda aparecer derivado de mi participaci\u00f3n en la presente actividad puedan ser transmitidas o retransmitidas por las redes sociales de la Comisi\u00f3n Estatal de los Derechos Humanos del Estado de Chiapas con fines acad\u00e9micos. Finalmente, se hace de su conocimiento que podr\u00e1 conocer nuestro aviso de privacidad integral en la p\u00e1gina de internet www.cedhchiapas.org <\/p>\t\t\t\t\t\t<\/div>\n\t\t\t\t<\/div>\n\t\t\t\t\t<\/div>\n\t\t<\/div>\n\t\t\t\t\t\t\t<\/div>\n\t\t<\/section>\n\t\t\t\t\t\t\t<\/div>\n\t\t","protected":false},"excerpt":{"rendered":"<p>Solicitud de capacitaci\u00f3n \u220e La promoci\u00f3n de los derechos humanos a trav\u00e9s de la capacitaci\u00f3n es una tarea esencial de la Comisi\u00f3n Estatal de los Derechos Humanos, que reconoce a<\/p>\n","protected":false},"author":2,"featured_media":0,"parent":1286,"menu_order":0,"comment_status":"closed","ping_status":"closed","template":"","meta":{"footnotes":""},"jetpack_sharing_enabled":true,"_links":{"self":[{"href":"https:\/\/cedhchiapas.org\/cedh\/wp-json\/wp\/v2\/pages\/2497"}],"collection":[{"href":"https:\/\/cedhchiapas.org\/cedh\/wp-json\/wp\/v2\/pages"}],"about":[{"href":"https:\/\/cedhchiapas.org\/cedh\/wp-json\/wp\/v2\/types\/page"}],"author":[{"embeddable":true,"href":"https:\/\/cedhchiapas.org\/cedh\/wp-json\/wp\/v2\/users\/2"}],"replies":[{"embeddable":true,"href":"https:\/\/cedhchiapas.org\/cedh\/wp-json\/wp\/v2\/comments?post=2497"}],"version-history":[{"count":33,"href":"https:\/\/cedhchiapas.org\/cedh\/wp-json\/wp\/v2\/pages\/2497\/revisions"}],"predecessor-version":[{"id":8288,"href":"https:\/\/cedhchiapas.org\/cedh\/wp-json\/wp\/v2\/pages\/2497\/revisions\/8288"}],"up":[{"embeddable":true,"href":"https:\/\/cedhchiapas.org\/cedh\/wp-json\/wp\/v2\/pages\/1286"}],"wp:attachment":[{"href":"https:\/\/cedhchiapas.org\/cedh\/wp-json\/wp\/v2\/media?parent=2497"}],"curies":[{"name":"wp","href":"https:\/\/api.w.org\/{rel}","templated":true}]}}