{"id":1363,"date":"2020-07-14T21:14:47","date_gmt":"2020-07-14T21:14:47","guid":{"rendered":"https:\/\/cedh.cedhchiapas.org\/?page_id=1363"},"modified":"2025-10-28T15:04:31","modified_gmt":"2025-10-28T21:04:31","slug":"organo-interno-de-control","status":"publish","type":"page","link":"https:\/\/cedhchiapas.org\/cedh\/organo-interno-de-control\/","title":{"rendered":"\u00d3rgano Interno de Control"},"content":{"rendered":"\t\t<div data-elementor-type=\"wp-page\" data-elementor-id=\"1363\" class=\"elementor elementor-1363\">\n\t\t\t\t\t\t\t\t\t<section class=\"elementor-section elementor-top-section elementor-element elementor-element-22bdd570 elementor-section-boxed elementor-section-height-default elementor-section-height-default wpr-particle-no wpr-sticky-section-no\" data-id=\"22bdd570\" data-element_type=\"section\">\n\t\t\t\t\t\t<div class=\"elementor-container elementor-column-gap-default\">\n\t\t\t\t\t<div class=\"elementor-column elementor-col-100 elementor-top-column elementor-element elementor-element-482cbc23\" data-id=\"482cbc23\" data-element_type=\"column\">\n\t\t\t<div class=\"elementor-widget-wrap elementor-element-populated\">\n\t\t\t\t\t\t\t\t<div class=\"elementor-element elementor-element-328f8fd elementor-widget elementor-widget-heading\" data-id=\"328f8fd\" data-element_type=\"widget\" data-widget_type=\"heading.default\">\n\t\t\t\t<div class=\"elementor-widget-container\">\n\t\t\t<h1 class=\"elementor-heading-title elementor-size-default\">CONTRALOR\u00cdA INTERNA DE LA COMISI\u00d3N ESTATAL DE LOS DERECHOS HUMANOS<\/h1>\t\t<\/div>\n\t\t\t\t<\/div>\n\t\t\t\t<div class=\"elementor-element elementor-element-2588e78a elementor-widget elementor-widget-text-editor\" data-id=\"2588e78a\" data-element_type=\"widget\" data-widget_type=\"text-editor.default\">\n\t\t\t\t<div class=\"elementor-widget-container\">\n\t\t\t\t\t\t\t<h5 style=\"text-align: justify;\">Esta Contralor\u00eda Interna se conduce de conformidad con las Leyes y reglamentos que rige la materia: Constituci\u00f3n Pol\u00edtica de los Estados Unidos Mexicanos, Constituci\u00f3n Pol\u00edtica del Estado de Chiapas, Ley de la Comisi\u00f3n Estatal de los Derechos Humanos, Reglamento Interior de la Comisi\u00f3n Estatal, Ley de Responsabilidades Administrativas del Estado de Chiapas.<\/h5><h5 style=\"text-align: justify;\">La comisi\u00f3n estatal de los derechos humanos cuenta con una Contralor\u00eda Interna, que auxilia a el Presidente, los visitadores y al Secretario Ejecutivo, en el \u00e1mbito de sus respectivas competencias, para controlar, vigilar y supervisar la aplicaci\u00f3n y cumplimiento de los lineamientos generales de actuaci\u00f3n establecidos por la Comisi\u00f3n estatal de los derechos humanos, y otras normas de observancia general en el ejercicio del Presupuesto de Egresos de la comisi\u00f3n, y en la actuaci\u00f3n y desempe\u00f1o de los servidores p\u00fablicos del organismo.<\/h5><h5 style=\"text-align: justify;\"><br \/>Atribuciones del Titular de la Contralor\u00eda Interna de acuerdo con el art\u00edculo 68 del reglamento interior que nos rige:<\/h5><h5 style=\"text-align: justify;\"><br \/>I. Vigilar que se establezca un sistema de control interno en materia de programaci\u00f3n, presupuestaci\u00f3n, administraci\u00f3n de recursos humanos, materiales, financieros y patrimoniales, as\u00ed como revisar su cumplimiento conforme a los criterios de un gasto eficiente;<\/h5><h5 style=\"text-align: justify;\">II. Realizar los estudios, an\u00e1lisis, supervisi\u00f3n y control, relativos a la organizaci\u00f3n e instrumentaci\u00f3n del sistema integrado de control de la Comisi\u00f3n, para el manejo eficiente de los recursos humanos, financieros y materiales asignados a \u00e9ste;<\/h5><h5 style=\"text-align: justify;\">III. Vigilar el cumplimiento de las normas de control, evaluaci\u00f3n, fiscalizaci\u00f3n, contabilidad y auditor\u00eda que deben observar los \u00d3rganos y \u00c1reas de Apoyo de la comisi\u00f3n estatal de los derechos humanos.<\/h5><h5 style=\"text-align: justify;\">IV. Formular un programa de auditor\u00edas a los \u00d3rganos y \u00c1reas de Apoyo de la comisi\u00f3n, emitir las recomendaciones respectivas y darle seguimiento hasta la soluci\u00f3n de las deficiencias e irregularidades detectadas;<\/h5><h5 style=\"text-align: justify;\">V. Con pleno respeto a los Derechos Humanos, vigilar que el personal que presta sus servicios a la Comisi\u00f3n no cuente con antecedentes negativos tanto administrativos como penales;<\/h5><h5 style=\"text-align: justify;\">VI. Comunicar a las instituciones afines de otras entidades federativas, las bajas del personal de la Comisi\u00f3n, cuando la misma se deba a irregularidades en su actuaci\u00f3n como servidores p\u00fablicos;<\/h5><h5 style=\"text-align: justify;\">VII. Proveer lo necesario para que los servidores p\u00fablicos de la Comisi\u00f3n cumplan, en los t\u00e9rminos legales, con la declaraci\u00f3n de situaciones patrimoniales;<\/h5><h5 style=\"text-align: justify;\">VIII. Proveer la instalaci\u00f3n, en lugares visibles, de buzones para la presentaci\u00f3n de quejas y denuncias en las distintas \u00c1reas de Apoyo;<\/h5><h5 style=\"text-align: justify;\">IX. Requerir a los \u00f3rganos y \u00c1reas de Apoyo de la Comisi\u00f3n los informes, datos, expedientes y documentos, necesarios para el cumplimiento de las atribuciones, funciones y despacho de sus asuntos;<\/h5><h5 style=\"text-align: justify;\">X. Dar seguimiento a las observaciones y recomendaciones que formule el \u00d3rgano de Fiscalizaci\u00f3n Superior del Congreso del Estado;<\/h5><h5 style=\"text-align: justify;\">XI. Asistir a los actos de entrega-recepci\u00f3n de los servidores p\u00fablicos de la Comisi\u00f3n, de mandos medios, superiores y hom\u00f3logos, con motivo de la separaci\u00f3n del cargo, empleo o comisi\u00f3n, a fin de verificar que se cumpla con las disposiciones normativas aplicables.<\/h5><h5 style=\"text-align: justify;\">XII. Participar en los procedimientos y dem\u00e1s actos que tengan lugar en materia de adquisiciones, arrendamientos, prestaci\u00f3n de servicios y obra, a fin de vigilar que se cumpla con la normatividad aplicable; resolver de las inconformidades que presenten los proveedores, as\u00ed como de los procedimientos administrativos para declarar la procedencia de impedimento a proveedores para participar en licitaciones p\u00fablicas, invitaciones restringidas, adjudicaciones directas y celebraci\u00f3n de contratos, acorde con lo establecido en la normatividad en la materia;<\/h5><h5 style=\"text-align: justify;\">XIII. Recibir, substanciar y resolver los medios de defensa que se presenten en contra de las resoluciones en los procedimientos se\u00f1alados en la fracci\u00f3n anterior, de conformidad con la legislaci\u00f3n aplicable, as\u00ed como defender los intereses de la Contralor\u00eda Interna en cualquier medio de impugnaci\u00f3n;<\/h5><h5 style=\"text-align: justify;\">XIV. Recibir, investigar y resolver las quejas y denuncias que se presenten contra servidores y exservidores p\u00fablicos de la comisi\u00f3n y aplicar las sanciones que procedan en los t\u00e9rminos de la legislaci\u00f3n aplicable en el Estado;<\/h5><h5 style=\"text-align: justify;\">XV. Instaurar los procedimientos administrativos disciplinarios internos, con motivo de quejas y denuncias formuladas contra servidores y exservidores p\u00fablicos de la Comisi\u00f3n y como resultado de las auditor\u00edas practicadas;<\/h5><h5 style=\"text-align: justify;\">XVI. Pugnar por el manejo honesto, eficiente y transparente de los recursos asignados a la Comisi\u00f3n, promoviendo un ambiente de control, evaluaci\u00f3n y correcci\u00f3n, vigilando que se establezcan y cumplan las normas aplicables para el funcionamiento de los diversos \u00f3rganos y \u00c1reas de Apoyo que la integran; y<\/h5><h5 style=\"text-align: justify;\">XVII. Las dem\u00e1s que le confieren esta Ley y otras disposiciones aplicables.<\/h5><h5>\u00a0<\/h5>\t\t\t\t\t\t<\/div>\n\t\t\t\t<\/div>\n\t\t\t\t\t<\/div>\n\t\t<\/div>\n\t\t\t\t\t\t\t<\/div>\n\t\t<\/section>\n\t\t\t\t<section class=\"elementor-section elementor-top-section elementor-element elementor-element-2ffd625 elementor-section-boxed elementor-section-height-default elementor-section-height-default wpr-particle-no wpr-sticky-section-no\" data-id=\"2ffd625\" data-element_type=\"section\">\n\t\t\t\t\t\t<div class=\"elementor-container elementor-column-gap-default\">\n\t\t\t\t\t<div class=\"elementor-column elementor-col-100 elementor-top-column elementor-element elementor-element-ada11c8\" data-id=\"ada11c8\" data-element_type=\"column\">\n\t\t\t<div class=\"elementor-widget-wrap elementor-element-populated\">\n\t\t\t\t\t\t\t\t<div class=\"elementor-element elementor-element-dc2bd4b elementor-widget elementor-widget-heading\" data-id=\"dc2bd4b\" data-element_type=\"widget\" data-widget_type=\"heading.default\">\n\t\t\t\t<div class=\"elementor-widget-container\">\n\t\t\t<h1 class=\"elementor-heading-title elementor-size-default\">CONTACTO\n<\/h1>\t\t<\/div>\n\t\t\t\t<\/div>\n\t\t\t\t<div class=\"elementor-element elementor-element-b0a8d3e elementor-widget elementor-widget-spacer\" data-id=\"b0a8d3e\" data-element_type=\"widget\" data-widget_type=\"spacer.default\">\n\t\t\t\t<div class=\"elementor-widget-container\">\n\t\t\t\t\t<div class=\"elementor-spacer\">\n\t\t\t<div class=\"elementor-spacer-inner\"><\/div>\n\t\t<\/div>\n\t\t\t\t<\/div>\n\t\t\t\t<\/div>\n\t\t\t\t<div class=\"elementor-element elementor-element-39d2857 elementor-widget__width-inherit wpr-team-member-divider-center elementor-widget elementor-widget-wpr-team-member\" data-id=\"39d2857\" data-element_type=\"widget\" data-widget_type=\"wpr-team-member.default\">\n\t\t\t\t<div class=\"elementor-widget-container\">\n\t\t\t\n\t<div class=\"wpr-team-member\">\n\t\t\t\t\t\n\t\t\t<div class=\"wpr-member-media\">\n\t\t\t\t<div class=\"wpr-member-image\">\n\t\t\t\t\t<img decoding=\"async\" src=\"https:\/\/cedhchiapas.org\/cedh\/wp-content\/uploads\/2025\/05\/Logo-Oficial-CEDH-Chiapas-125.png\" alt=\"ABRAHAM G\u00d3MEZ JOS\u00c9\">\n\t\t\t\t<\/div>\n\t\t\t\t\t\t\t<\/div>\n\t\t\t\t\n\t\t\n\t\t<div class=\"wpr-member-content\">\n\t\t\t<h3 class=\"wpr-member-name\">ABRAHAM G\u00d3MEZ JOS\u00c9<\/h3>\n\t\t\t\n\t\t\t\t\t\t\t<div class=\"wpr-member-job\">CONTRALOR\u00cdA INTERNA<\/div>\n\t\t\t\n\t\t\t\t\t\t\t<div class=\"wpr-member-divider\"><\/div>\n\t\t\t\n\t\t\t\t\t\t\n\t\t\t\t\t<\/div>\n\n\t\t\t<\/div>\n\n\t\t\t<\/div>\n\t\t\t\t<\/div>\n\t\t\t\t<section class=\"elementor-section elementor-inner-section elementor-element elementor-element-83c6002 elementor-section-content-middle elementor-section-boxed elementor-section-height-default elementor-section-height-default wpr-particle-no wpr-sticky-section-no\" data-id=\"83c6002\" data-element_type=\"section\">\n\t\t\t\t\t\t<div class=\"elementor-container elementor-column-gap-no\">\n\t\t\t\t\t<div class=\"elementor-column elementor-col-100 elementor-inner-column elementor-element elementor-element-7cf7ad8\" data-id=\"7cf7ad8\" data-element_type=\"column\">\n\t\t\t<div class=\"elementor-widget-wrap elementor-element-populated\">\n\t\t\t\t\t\t\t\t<div class=\"elementor-element elementor-element-935708d elementor-position-left elementor-vertical-align-middle elementor-widget__width-auto elementor-view-default elementor-mobile-position-top elementor-widget elementor-widget-icon-box\" data-id=\"935708d\" data-element_type=\"widget\" data-widget_type=\"icon-box.default\">\n\t\t\t\t<div class=\"elementor-widget-container\">\n\t\t\t\t\t<div class=\"elementor-icon-box-wrapper\">\n\t\t\t\t\t\t<div class=\"elementor-icon-box-icon\">\n\t\t\t\t<span  class=\"elementor-icon elementor-animation-\">\n\t\t\t\t<i aria-hidden=\"true\" class=\"far fa-envelope\"><\/i>\t\t\t\t<\/span>\n\t\t\t<\/div>\n\t\t\t\t\t\t<div class=\"elementor-icon-box-content\">\n\t\t\t\t<h3 class=\"elementor-icon-box-title\">\n\t\t\t\t\t<span  >\n\t\t\t\t\t\tcontraloria@cedhchiapas.org\t\t\t\t\t<\/span>\n\t\t\t\t<\/h3>\n\t\t\t\t\t\t\t<\/div>\n\t\t<\/div>\n\t\t\t\t<\/div>\n\t\t\t\t<\/div>\n\t\t\t\t\t<\/div>\n\t\t<\/div>\n\t\t\t\t\t\t\t<\/div>\n\t\t<\/section>\n\t\t\t\t\t<\/div>\n\t\t<\/div>\n\t\t\t\t\t\t\t<\/div>\n\t\t<\/section>\n\t\t\t\t\t\t\t<\/div>\n\t\t","protected":false},"excerpt":{"rendered":"<p>CONTRALOR\u00cdA INTERNA DE LA COMISI\u00d3N ESTATAL DE LOS DERECHOS HUMANOS \u220e Esta Contralor\u00eda Interna se conduce de conformidad con las Leyes y reglamentos que rige la materia:Constituci\u00f3n Pol\u00edtica de los<\/p>\n","protected":false},"author":2,"featured_media":0,"parent":0,"menu_order":0,"comment_status":"closed","ping_status":"closed","template":"","meta":{"footnotes":""},"jetpack_sharing_enabled":true,"_links":{"self":[{"href":"https:\/\/cedhchiapas.org\/cedh\/wp-json\/wp\/v2\/pages\/1363"}],"collection":[{"href":"https:\/\/cedhchiapas.org\/cedh\/wp-json\/wp\/v2\/pages"}],"about":[{"href":"https:\/\/cedhchiapas.org\/cedh\/wp-json\/wp\/v2\/types\/page"}],"author":[{"embeddable":true,"href":"https:\/\/cedhchiapas.org\/cedh\/wp-json\/wp\/v2\/users\/2"}],"replies":[{"embeddable":true,"href":"https:\/\/cedhchiapas.org\/cedh\/wp-json\/wp\/v2\/comments?post=1363"}],"version-history":[{"count":7,"href":"https:\/\/cedhchiapas.org\/cedh\/wp-json\/wp\/v2\/pages\/1363\/revisions"}],"predecessor-version":[{"id":12627,"href":"https:\/\/cedhchiapas.org\/cedh\/wp-json\/wp\/v2\/pages\/1363\/revisions\/12627"}],"wp:attachment":[{"href":"https:\/\/cedhchiapas.org\/cedh\/wp-json\/wp\/v2\/media?parent=1363"}],"curies":[{"name":"wp","href":"https:\/\/api.w.org\/{rel}","templated":true}]}}